{"id":19634,"date":"2023-08-05T12:58:43","date_gmt":"2023-08-05T12:58:43","guid":{"rendered":"https:\/\/eventmanagement.hu\/foglalas-megerositese\/a-foglalast-megerositettuk\/"},"modified":"2023-08-05T12:58:43","modified_gmt":"2023-08-05T12:58:43","slug":"a-foglalast-megerositettuk","status":"publish","type":"page","link":"https:\/\/conference.hu\/en\/foglalas-megerositese\/a-foglalast-megerositettuk\/","title":{"rendered":"A foglal\u00e1st meger\u0151s\u00edtett\u00fck"},"content":{"rendered":"<div class=\"mphb_sc_booking_confirmation\"><\/div>","protected":false},"excerpt":{"rendered":"","protected":false},"author":97,"featured_media":0,"parent":19633,"menu_order":0,"comment_status":"closed","ping_status":"closed","template":"","meta":{"footnotes":""},"class_list":["post-19634","page","type-page","status-publish","hentry"],"_links":{"self":[{"href":"https:\/\/conference.hu\/en\/wp-json\/wp\/v2\/pages\/19634","targetHints":{"allow":["GET"]}}],"collection":[{"href":"https:\/\/conference.hu\/en\/wp-json\/wp\/v2\/pages"}],"about":[{"href":"https:\/\/conference.hu\/en\/wp-json\/wp\/v2\/types\/page"}],"author":[{"embeddable":true,"href":"https:\/\/conference.hu\/en\/wp-json\/wp\/v2\/users\/97"}],"replies":[{"embeddable":true,"href":"https:\/\/conference.hu\/en\/wp-json\/wp\/v2\/comments?post=19634"}],"version-history":[{"count":0,"href":"https:\/\/conference.hu\/en\/wp-json\/wp\/v2\/pages\/19634\/revisions"}],"up":[{"embeddable":true,"href":"https:\/\/conference.hu\/en\/wp-json\/wp\/v2\/pages\/19633"}],"wp:attachment":[{"href":"https:\/\/conference.hu\/en\/wp-json\/wp\/v2\/media?parent=19634"}],"curies":[{"name":"wp","href":"https:\/\/api.w.org\/{rel}","templated":true}]}}

A foglalást megerősítettük
