{"id":19096,"date":"2023-06-28T08:00:28","date_gmt":"2023-06-28T08:00:28","guid":{"rendered":"https:\/\/eventmanagement.hu\/?post_type=cpt_services&#038;p=19096"},"modified":"2023-07-19T19:53:43","modified_gmt":"2023-07-19T19:53:43","slug":"egyedi-konferencia-a-gerbeaud-hazban","status":"publish","type":"cpt_services","link":"https:\/\/conference.hu\/en\/ajanlat\/egyedi-konferencia-a-gerbeaud-hazban\/","title":{"rendered":"Egyedi Konferencia a Gerbeaud H\u00e1zban"},"content":{"rendered":"<p>A konferencia szervez\u00e9s alkalm\u00e1val nagyon fontos a megfelel\u0151 rendezv\u00e9nyhelysz\u00edn kiv\u00e1laszt\u00e1sa. Aj\u00e1nlataink k\u00f6z\u00f6tt szerepel egy exkluz\u00edv, rendk\u00edv\u00fcl eleg\u00e1ns rendezv\u00e9nyhelysz\u00edn, Gerbeaud H\u00e1z, ahol lehet\u0151s\u00e9g van a kis l\u00e9tsz\u00e1m\u00fa meeting esem\u00e9nyek (15-20 f\u0151) vagy ak\u00e1r egy nagyobb konferencia (200 f\u0151) megtart\u00e1s\u00e1ra is.<\/p><p>Szervezze rendezv\u00e9nyeit a Gerbaud H\u00e1z falai k\u00f6z\u00e9! Egyedi, kedvezm\u00e9nyes \u00e1ron kaphat t\u0151l\u00fcnk aj\u00e1nlatot Budapest belv\u00e1ros\u00e1nak egyik legpatin\u00e1nsabb \u00e9p\u00fclet\u00e9ben tartand\u00f3 konferenci\u00e1j\u00e1hoz!<\/p><figure class=\"wp-block-gallery has-nested-images columns-default is-cropped wp-block-gallery-1 is-layout-flex wp-block-gallery-is-layout-flex\"><figure class=\"wp-block-image size-large\"><img data-recalc-dims=\"1\" fetchpriority=\"high\" decoding=\"async\" width=\"500\" height=\"200\" data-id=\"19097\" src=\"https:\/\/i0.wp.com\/eventmanagement.hu\/wp-content\/uploads\/2023\/06\/konferencia_szervezes_gerbaud_haz.jpg?resize=500%2C200&#038;ssl=1\" alt=\"\" class=\"wp-image-19097\" srcset=\"https:\/\/i0.wp.com\/conference.hu\/wp-content\/uploads\/2023\/06\/konferencia_szervezes_gerbaud_haz.jpg?w=500&amp;ssl=1 500w, https:\/\/i0.wp.com\/conference.hu\/wp-content\/uploads\/2023\/06\/konferencia_szervezes_gerbaud_haz.jpg?resize=300%2C120&amp;ssl=1 300w, https:\/\/i0.wp.com\/conference.hu\/wp-content\/uploads\/2023\/06\/konferencia_szervezes_gerbaud_haz.jpg?resize=370%2C148&amp;ssl=1 370w, https:\/\/i0.wp.com\/conference.hu\/wp-content\/uploads\/2023\/06\/konferencia_szervezes_gerbaud_haz.jpg?resize=410%2C164&amp;ssl=1 410w\" sizes=\"(max-width: 600px) 100vw, 500px\" \/><\/figure><\/figure>","protected":false},"excerpt":{"rendered":"<p>A konferencia szervez\u00e9s alkalm\u00e1val nagyon fontos a megfelel\u0151 rendezv\u00e9nyhelysz\u00edn kiv\u00e1laszt\u00e1sa. Aj\u00e1nlataink k\u00f6z\u00f6tt szerepel egy exkluz\u00edv, rendk\u00edv\u00fcl eleg\u00e1ns rendezv\u00e9nyhelysz\u00edn, Gerbeaud H\u00e1z, ahol lehet\u0151s\u00e9g van a kis l\u00e9tsz\u00e1m\u00fa meeting esem\u00e9nyek (15-20 f\u0151)&hellip;<\/p>","protected":false},"author":97,"featured_media":19098,"comment_status":"closed","ping_status":"closed","template":"","cpt_services_group":[244],"class_list":["post-19096","cpt_services","type-cpt_services","status-publish","has-post-thumbnail","hentry","cpt_services_group-kiemelt-ajanlatok"],"_links":{"self":[{"href":"https:\/\/conference.hu\/en\/wp-json\/wp\/v2\/cpt_services\/19096","targetHints":{"allow":["GET"]}}],"collection":[{"href":"https:\/\/conference.hu\/en\/wp-json\/wp\/v2\/cpt_services"}],"about":[{"href":"https:\/\/conference.hu\/en\/wp-json\/wp\/v2\/types\/cpt_services"}],"author":[{"embeddable":true,"href":"https:\/\/conference.hu\/en\/wp-json\/wp\/v2\/users\/97"}],"replies":[{"embeddable":true,"href":"https:\/\/conference.hu\/en\/wp-json\/wp\/v2\/comments?post=19096"}],"wp:featuredmedia":[{"embeddable":true,"href":"https:\/\/conference.hu\/en\/wp-json\/wp\/v2\/media\/19098"}],"wp:attachment":[{"href":"https:\/\/conference.hu\/en\/wp-json\/wp\/v2\/media?parent=19096"}],"wp:term":[{"taxonomy":"cpt_services_group","embeddable":true,"href":"https:\/\/conference.hu\/en\/wp-json\/wp\/v2\/cpt_services_group?post=19096"}],"curies":[{"name":"wp","href":"https:\/\/api.w.org\/{rel}","templated":true}]}}

Egyedi Konferencia a Gerbeaud Házban

<p>A konferencia szervezés alkalmával nagyon fontos a megfelelő rendezvényhelyszín kiválasztása. Ajánlataink között szerepel egy exkluzív, rendkívül elegáns rendezvényhelyszín, Gerbeaud Ház, ahol lehetőség van a kis létszámú meeting események (15-20 fő) vagy akár egy nagyobb konferencia (200 fő) megtartására is.</p><p>Szervezze rendezvényeit a Gerbaud Ház falai közé! Egyedi, kedvezményes áron kaphat tőlünk ajánlatot Budapest belvárosának egyik legpatinánsabb épületében tartandó konferenciájához!</p><figure class="wp-block-gallery has-nested-images columns-default is-cropped wp-block-gallery-1 is-layout-flex wp-block-gallery-is-layout-flex"><figure class="wp-block-image size-large"><img data-recalc-dims="1" fetchpriority="high" decoding="async" width="500" height="200" data-id="19097" src="https://i0.wp.com/eventmanagement.hu/wp-content/uploads/2023/06/konferencia_szervezes_gerbaud_haz.jpg?resize=500%2C200&#038;ssl=1" alt="" class="wp-image-19097" srcset="https://i0.wp.com/conference.hu/wp-content/uploads/2023/06/konferencia_szervezes_gerbaud_haz.jpg?w=500&amp;ssl=1 500w, https://i0.wp.com/conference.hu/wp-content/uploads/2023/06/konferencia_szervezes_gerbaud_haz.jpg?resize=300%2C120&amp;ssl=1 300w, https://i0.wp.com/conference.hu/wp-content/uploads/2023/06/konferencia_szervezes_gerbaud_haz.jpg?resize=370%2C148&amp;ssl=1 370w, https://i0.wp.com/conference.hu/wp-content/uploads/2023/06/konferencia_szervezes_gerbaud_haz.jpg?resize=410%2C164&amp;ssl=1 410w" sizes="(max-width: 600px) 100vw, 500px" /></figure></figure>

<p>A konferencia szervezés alkalmával nagyon fontos a megfelelő rendezvényhelyszín kiválasztása. Ajánlataink között szerepel egy exkluzív, rendkívül elegáns rendezvényhelyszín, Gerbeaud Ház, ahol lehetőség van a kis létszámú meeting események (15-20 fő)&hellip;</p>
